{"id":18,"date":"2016-03-14T14:07:41","date_gmt":"2016-03-14T14:07:41","guid":{"rendered":"http:\/\/www.ded.ufla.br\/forumsulmineiroinfantil\/?page_id=18"},"modified":"2017-08-10T19:17:35","modified_gmt":"2017-08-10T19:17:35","slug":"links","status":"publish","type":"page","link":"http:\/\/www.ded.ufla.br\/forumsulmineiroinfantil\/index.php\/links\/","title":{"rendered":"Links"},"content":{"rendered":"<ul>\n<li><a href=\"http:\/\/www.mieib.org.br\">Movimento Interforuns de EI do Brasil<\/a><\/li>\n<li><a href=\"http:\/\/fmeiestadualmg.blogspot.com.br\/\">F\u00f3rum Mineiro de Educa\u00e7\u00e3o Infantil\u00a0<\/a><\/li>\n<li><a href=\"https:\/\/avaliacaoeducacional.com\/2017\/07\/12\/mec-escolariza-a-educacao-infantil-ii\/\">Escolariza\u00e7\u00e3o da Educa\u00e7\u00e3o Infantil &#8211; Blog Prof. Luiz Carlos de Freitas<\/a><\/li>\n<\/ul>\n","protected":false},"excerpt":{"rendered":"<p>Movimento Interforuns de EI do Brasil F\u00f3rum Mineiro de Educa\u00e7\u00e3o Infantil\u00a0 Escolariza\u00e7\u00e3o da Educa\u00e7\u00e3o Infantil &#8211; Blog Prof. Luiz Carlos de Freitas<\/p>\n","protected":false},"author":4,"featured_media":0,"parent":0,"menu_order":0,"comment_status":"closed","ping_status":"closed","template":"","meta":[],"_links":{"self":[{"href":"http:\/\/www.ded.ufla.br\/forumsulmineiroinfantil\/index.php\/wp-json\/wp\/v2\/pages\/18"}],"collection":[{"href":"http:\/\/www.ded.ufla.br\/forumsulmineiroinfantil\/index.php\/wp-json\/wp\/v2\/pages"}],"about":[{"href":"http:\/\/www.ded.ufla.br\/forumsulmineiroinfantil\/index.php\/wp-json\/wp\/v2\/types\/page"}],"author":[{"embeddable":true,"href":"http:\/\/www.ded.ufla.br\/forumsulmineiroinfantil\/index.php\/wp-json\/wp\/v2\/users\/4"}],"replies":[{"embeddable":true,"href":"http:\/\/www.ded.ufla.br\/forumsulmineiroinfantil\/index.php\/wp-json\/wp\/v2\/comments?post=18"}],"version-history":[{"count":3,"href":"http:\/\/www.ded.ufla.br\/forumsulmineiroinfantil\/index.php\/wp-json\/wp\/v2\/pages\/18\/revisions"}],"predecessor-version":[{"id":237,"href":"http:\/\/www.ded.ufla.br\/forumsulmineiroinfantil\/index.php\/wp-json\/wp\/v2\/pages\/18\/revisions\/237"}],"wp:attachment":[{"href":"http:\/\/www.ded.ufla.br\/forumsulmineiroinfantil\/index.php\/wp-json\/wp\/v2\/media?parent=18"}],"curies":[{"name":"wp","href":"https:\/\/api.w.org\/{rel}","templated":true}]}}